 101
Suppose -56*k + 73038 = -14*k. What are the prime factors of k?
37, 47
Let o(u) = -4*u + 41. What are the prime factors of o(-7)?
3, 23
Let g(d) be the first derivative of -4*d**2 - 42*d + 6. What are the prime factors of g(-15)?
2, 3, 13
Let l = 3665 + -962. What are the prime factors of l?
3, 17, 53
Let w = -33 + 15. Let i be 12/w - 2/(-3). Suppose 3*g - 32 + 2 = i. List the prime factors of g.
2, 5
Let b(n) = 0 + 4*n + n**2 - 4 + 0*n. Let s be b(-3). Let l(m) = -m**3 - 7*m**2 + 3. What are the prime factors of l(s)?
3
Suppose -z = -2*z + 6. Suppose -h + 15 + z = 0. What are the prime factors of h?
3, 7
Suppose 5*z + 10 + 10 = 0. Let m(c) = c - 7. Let k(r) = -2*r + 13. Let i(s) = z*k(s) - 7*m(s). List the prime factors of i(7).
2
Suppose -5*x + 3*l + 45 = 0, 5*l - 4 = -5*x + 1. Suppose -2*m - x*m - 32 = 0. List the prime factors of ((-60)/21)/(m/14).
2, 5
Let b(x) = x**3 + 3*x**2 - 3*x + 1. Let z be b(2). Suppose -3*s = -2*m + 2 + 11, -3*m = -3*s - z. Let p(u) = 5*u**2 + 5*u + 4. List the prime factors of p(s).
2, 17
Suppose 2*l = -4*o + 16, -6*l = -5*o - l + 35. Suppose -214 = -3*i + d, i - o*i + 4*d = -288. List the prime factors of i.
71
Let a(s) = -125*s - 950. List the prime factors of a(-38).
2, 5, 19
Let y = 752 - 66. What are the prime factors of y?
2, 7
Let h(u) = 7*u + 4. Let y be 4/10 - (-10)/(-25). Suppose -3*l + 6 = -y. What are the prime factors of h(l)?
2, 3
Suppose -4*d - 8 = -20. What are the prime factors of d/21 - 180/(-14)?
13
Let t = 66 + -54. What are the prime factors of -3*1*(-104)/t?
2, 13
Let l(r) = -8*r - 47. Let k be l(-4). What are the prime factors of -10 + 177 - k/3?
2, 43
Let p = -65 - -69. What are the prime factors of (284/(-14))/(p/(-28))?
2, 71
Let i(o) = 32*o**3 - 9*o**2 + 9*o + 8. List the prime factors of i(4).
2, 487
Let t be (5/15)/((-2)/138). List the prime factors of t/(-1) - (-4 - -7).
2, 5
Let q(o) = 37*o**2 + o + 1. Let v be 1*(0 - 11) + -1. Let s = -13 - v. What are the prime factors of q(s)?
37
Suppose -15*y + 385 = -515. Suppose -4*w + y + 436 = 0. List the prime factors of w.
2, 31
Let q = -1064 - -1176. Let p be 1/(2/(6/1)). Suppose -p*k = 4*k - q. List the prime factors of k.
2
Let g(c) = -c**3 - 3*c**2 + 13*c + 29. Let i be g(-4). Suppose -x - 46 = -3*m - m, -108 = 3*x + 3*m. Let n = i - x. List the prime factors of n.
31
Let l(v) = -3*v**3 - 4*v**2 - 3*v - 4. Suppose k = 5*k + 16. Let w be l(k). Suppose -170 = -5*j - 3*f + 4*f, -4*j = 3*f - w. List the prime factors of j.
2, 17
Let d be 4*(1 + (-2)/(-8)). Let g be 2/(-10) - d/(-25). Let j = 29 - g. List the prime factors of j.
29
Let n be (15/10)/(2/4). Suppose -4*o = -3*z - n, 0 = z - 3*z - 3*o - 2. Let s(v) = -36*v. What are the prime factors of s(z)?
2, 3
Let p = 148 - 87. Let w = -23 + 51. Let g = p - w. List the prime factors of g.
3, 11
Let b(x) = 1 - 8*x - 9 - 2 - 35*x. List the prime factors of b(-3).
7, 17
Let p(c) be the first derivative of 4/3*c**3 + 8 + 4*c - 1/4*c**4 - 3/2*c**2. What are the prime factors of p(3)?
2
Let s = 439 + -236. Suppose 3*c - 304 = -b, c - b = 3*c - s. List the prime factors of c.
101
Let a = -25 + 45. Suppose 5*g - 5*i + 20 = 0, 0 = 2*g + 5*i - 0*i - a. Suppose 6*q - 8*q + 32 = g. What are the prime factors of q?
2
Let y(z) = -z**3 + z**2 + z + 3. Let i be y(0). Suppose g = -i*g + a + 51, 3*a = -g + 3. What are the prime factors of (-24)/(2 - 33/g)?
2
Let b(g) = 102*g - 18. What are the prime factors of b(4)?
2, 3, 5, 13
List the prime factors of (54/2 - 1)/((-13)/(-65)).
2, 5, 13
Let h be 2/9 + 64/36. Suppose 2*j - 36 = -h*j. List the prime factors of j.
3
Let g(i) = 2*i + 20. Let x be g(-10). Suppose 4*o - 28 = 3*w - 107, x = 5*w - 5*o - 130. List the prime factors of w.
5
Let r be (-12)/(-2)*(-3)/(-9). Suppose 3 = -r*y + 11. Suppose 5*n + 13 = y*h - 10, -h - 4*n + 32 = 0. List the prime factors of h.
2, 3
Suppose 3*p + 5*k + 11 = 0, -3*p + 3 = 2*p + 3*k. Suppose 3*n = v - 36, -42 = p*v - 4*v - 3*n. List the prime factors of v.
3, 13
Let s = 1128 - 668. Let z = s + -320. What are the prime factors of z?
2, 5, 7
What are the prime factors of 0/(-3 + -4) + 735?
3, 5, 7
Suppose 3788 = 2*q + 4*s, 5*q - 17*s = -16*s + 9481. What are the prime factors of q?
2, 3, 79
Let w(k) = 7 + 2*k - 24*k**2 - 1 + 29*k**2. List the prime factors of w(-3).
3, 5
Let g(a) = -2*a**3 - 3*a**2 - 2*a - 7. What are the prime factors of g(-7)?
2, 3, 7, 13
Let c be (-2 - -88) + (-10 - -11). Suppose -579 = -9*z + c. What are the prime factors of z?
2, 37
Let f(k) = -2*k - 3 - 4*k - 9 + 0. Let v be -4*-1*(-9)/6. List the prime factors of f(v).
2, 3
Suppose -4001*s - 64532 = -4014*s. List the prime factors of s.
2, 17, 73
Let i = -280 + 1743. List the prime factors of i.
7, 11, 19
Let y(c) = -c**3 + 10*c**2 - 8*c - 5. Suppose 3 = -m + 12. Let u be y(m). Suppose 5*o = -4*k + 13, 3*k - 6 = -u*o + 5. What are the prime factors of o?
5
List the prime factors of 653 + (84/2)/(-7).
647
Let u(c) = -8 + 20*c**3 - c**2 - 47*c**3 + c + 0*c + 26*c**3. What are the prime factors of u(-3)?
7
Let z(m) = m**3 - 6*m**2 + 9*m - 8. What are the prime factors of z(6)?
2, 23
Let o(c) = -6*c**3 + 3*c**2 - c - 26. Let n be o(-6). Suppose 4*f - 12*f = -n. What are the prime factors of f?
173
Let f(i) = -2*i. Let t be f(8). Let z = t - -49. Suppose 3*k - 24 = z. List the prime factors of k.
19
Suppose -4*g + 8*g = 1656. Suppose -2*c = 4*d - 876, -g = 3*d - 5*d + 5*c. List the prime factors of d.
7, 31
Suppose 0 = 23*p - 33*p + 11670. List the prime factors of p.
3, 389
Let i(v) = 3*v**2 - 4*v + 3. Let h = 12 + -10. Let s be i(h). Let t(x) = -x**3 + 7*x**2 + 4*x + 2. What are the prime factors of t(s)?
2, 3, 5
Suppose 35 = 5*d - 3*w, -4*w + 5*w - 55 = -5*d. Let g be d*(-4)/(-6)*-3. List the prime factors of (-484)/g - (-1)/(-5).
2, 3
Let u(g) be the first derivative of -11/4*g**4 + 0*g**3 + g + 1 + 1/2*g**2. What are the prime factors of u(-1)?
11
Suppose 0 = -2*c - 22*c + 4896. Suppose 4*n - 9 = -s, -5*n = -5*s - 6 - 24. Suppose -h + c = n*h. List the prime factors of h.
3, 17
Let f = 7 + -2. Suppose -f*y + 6 = -7*y. What are the prime factors of (40/3)/((-1)/y)?
2, 5
Let h(v) = -2*v + 9. Let j be -8*(12/8 + -2). Suppose -j*i - 3*i - 42 = 0. What are the prime factors of h(i)?
3, 7
Let d(g) = -4*g + 159. List the prime factors of d(-11).
7, 29
Let p = 17 - 14. Let q(h) = 4*h**3 - 2*h**2 - 7*h + 3. List the prime factors of q(p).
2, 3
Let k be (-1*24/(-10))/(30/100). Let l = 41 - k. What are the prime factors of l?
3, 11
Suppose 2301 = d + 5*i + 492, -5*i + 5387 = 3*d. List the prime factors of d.
1789
Suppose 0 = -8*b + 3*b + 10. Let f = b - -25. List the prime factors of f.
3
Let h(n) be the third derivative of -3*n**4/8 + 8*n**3/3 + 12*n**2. What are the prime factors of h(-9)?
97
Let h = 117 + -76. Let p = 126 - h. What are the prime factors of p?
5, 17
Let u = -10 - -338. What are the prime factors of u?
2, 41
Suppose -4*o = -v + 80, 0*o - 4*o - 80 = 5*v. List the prime factors of (-4 - (-8)/o)*-5.
2, 11
Suppose 3*z + 9 = -4*x, 3*x - 4*x + 3 = -z. Suppose x = c + c - 184. What are the prime factors of c?
2, 23
What are the prime factors of (34 - 0)*(-15 - (-1079)/26)?
17, 53
Let k = -442 + 952. List the prime factors of k.
2, 3, 5, 17
Let t(u) = 232 + u**2 + 0*u - 260 - u. List the prime factors of t(16).
2, 53
Let k(i) be the first derivative of i**3 + 3*i**2/2 - 9*i + 39. List the prime factors of k(7).
3, 53
Suppose 2*l = 2*y + 14, 5*l + 0 = -3*y + 11. Let g = 1 - -1. Suppose -g*p = -l*q + 66, -4*q + 31 = p - 32. What are the prime factors of q?
2
Suppose 2*c + 3*n = 1418, 5*n + 194 + 1192 = 2*c. What are the prime factors of c?
19, 37
Let k(a) = a**3 - 9*a**2 + 8*a + 2. Let u be k(8). Let h(y) = 9*y**2 + 2*y - 4. Let t be h(-2). Suppose -u = n - t. List the prime factors of n.
2, 13
Let n = -13 - -23. Let v(i) = -i - 7. Let w be v(n). Let k = w + 37. What are the prime factors of k?
2, 5
Suppose 3*r = -3*q - r - 29, -5*q - 33 = -r. Let d(a) = -2*a + 5. Let s(n) = n - 5. Let b(i) = 4*d(i) + 5*s(i). What are the prime factors of b(q)?
2
Let y be (-1)/5 + (-9824)/80. Let d = y + 249. List the prime factors of d.
2, 3, 7
Let z(c) = -2*c**2 - 14*c + 7. Let t(s) = -s**2. Let y(v) = -4*t(v) + z(v). What are the prime factors of y(9)?
43
Suppose